 55 - -8?
54
Calculate (-123 - -1) + -8 - (-48 - (-55 - -26)).
-111
Calculate -19 + (16 - (19 + -29)) - -25.
32
-62 + (7 - -3) + 19
-33
2 + 72 - (-53 - -48 - -27)
52
What is -15 + 10 + -3 + -1 + 4 - (239 + -247)?
3
What is the value of (8 - 0) + 0 + -1 + 2 + 21767 + -21858?
-82
What is the value of 14 - (-1 - (-32 - (-15 + -4)))?
2
Calculate 26 + -4 - (31 + (-32 - -23)).
0
What is 21 + -97 + 134 + -210?
-152
Evaluate 13 + 43 + (-47 - (-5 + -18)).
32
What is the value of (928 - 952) + -14 + 0 + -3?
-41
Evaluate -22 - (-50 + 56 + -25) - -26.
23
Calculate -1 + (44 - 1) + -46 + 40 + -5 + -4.
27
What is the value of (-2 - 20) + (9 - (14 - (22 - 6))) + -3?
-14
Evaluate 4 - 29 - (-73 - -104).
-56
(-10 - -19) + (14 - 92) + 49
-20
Evaluate 32 + 42 + 4 + 21 + -24.
75
(-27 - 61) + (235 - 53)
94
(26 - 15) + -15 + -11 + 0 + -6 + 69
48
What is 10 - (-14 - (-9 - -36 - 15))?
36
-2 - (-24 + 20 - (-16 + 21 + -77))
-70
What is 91392 + -91382 - (1 - (1 - -83))?
93
What is the value of 35 + 27 + (11 - (-6 + 31))?
48
Evaluate -28 + (9 - 22) - -85.
44
Evaluate 5 - (15 + -11 + (-5 - (-6 - 6))).
-6
What is (83 - 80) + 11 + 58?
72
Evaluate (4 - -12 - (-21 + 27)) + -111 + 0 + 7.
-94
Calculate 18 - (121 + -14 - 15).
-74
(-7 - -26) + -14 + 2 + 28 + 9 + 1
45
Calculate 36 - (-43 - (26 - 11 - 22)).
72
Evaluate 3 + -2 + 0 + -24 + (38 - 16) - -62.
61
Evaluate 11 + 42 + -65 + -31.
-43
Evaluate (-43 + -17 + (-6 - -54) - (-54 - 2)) + -11.
33
-3 + (97 - (3 + (57 + -44 - (10 - -2))))
90
What is -58 - ((11 - 24) + -73)?
28
What is the value of -17 - (-83 - (-96 + 57))?
27
What is 9 + -107 + (48 - -46)?
-4
What is the value of 1 + (1 + 0 + 94 - (222 - 231))?
105
39 + (-110 - -14) + 10
-47
Calculate 42 - (-55 + 28 - -35).
34
(22 - (28 - 1) - -52) + (-5 - (0 - 2))
44
Calculate 27 + (-7 - -66) + -98.
-12
Evaluate 412 - 364 - (3 + 55).
-10
What is (111 - (1 + -11 - (156 - 169))) + 15 + -1?
122
What is -93 + (106 - 43) + -13?
-43
Calculate (-59 - (-46 + -52)) + -47.
-8
What is the value of 88 - (131 - (70 - -69))?
96
Calculate (58 - (83 - 33)) + -3 + -65 + (-1 - -4).
-57
Calculate 107 - (-3 + (1 - (4 + -9)) + 5 - 3).
102
(-1 - 15) + (-10 - -58 - 62) + 33
3
Evaluate -42 + 25 - -138 - (9 + 5 - -3).
104
Calculate 52 - (-4 + -33 - -83).
6
Evaluate -2 + (-58 - -7 - -3) + (5 - -11).
-34
Evaluate 73 + -50 - (14 - -16).
-7
-21 + -19 + 24 + 3 + 6 + -22 + -2
-31
(137 - 124) + -7 - (-46 - 1)
53
What is the value of (175 - 179) + 2 + (1 + -58 - -4 - 5)?
-60
47 + (-25 - -33 - 57)
-2
What is (107 - (-34 + 195)) + (-1 - -31)?
-24
What is the value of 12 - (72 + (-9 - (22 - 26)))?
-55
Evaluate -22 + 25 - (-6 + -9 + 12 + 8).
-2
Calculate -38 - ((-1 - -12) + 16 + (6 - 29)).
-42
What is the value of (11 - 1) + (-15 - (-28 + -77) - (7 + 4))?
89
What is 1 + (-13 - 2 - -13) + -8 - 9?
-18
What is (-63 - -18 - -168) + -33?
90
Evaluate 43 + -39 + (-2 - -40).
42
What is the value of (48 - (136 - 197)) + -27?
82
Evaluate 12 + 6 - (-7 - (3 - (104 + -5))).
-71
Calculate -2 - (-30 + (2 - (-3 + 18))) - (-4 - 1).
46
2 + -36 + (-941 - -1020)
45
What is the value of 42 - (-19 + -1 - (5 - (-33 + 26 - -21)))?
53
What is (0 - (9 - 3)) + (29 - 26 - 12)?
-15
Calculate (-61 - -51 - -35) + -39.
-14
Calculate (97 - -43) + -28 + (0 - 10) + 13 + -5.
110
(-3 - 19) + -4 + 89
63
Evaluate -1388 + 1412 + 0 + 3 + 33.
60
Evaluate (19 + (1 - 19) - -34) + -8.
27
What is (151 - 85) + (13 - (11 - -1))?
67
What is the value of -41 - (30 - 103 - -81)?
-49
Calculate -25 + 13 + -11 + (0 - 4 - -8).
-19
Evaluate (84 - (111 + -2)) + (2 - 29).
-52
What is the value of -10 + 2 + -1 - (-45 - (3 - 34))?
5
Calculate 2 + 53 + (8 - -2 - 3) + -57 + 58.
63
-17 + 2 - (18 + 24)
-57
What is 1 - (-1 - 2) - (-42 - (-42 - 0) - 8)?
12
-26 - (-9 - (9 + -16 - (-11 - (-7 + 1))))
-19
-171 + 184 + 138 + -264
-113
Evaluate 100 + (10 + -23 - -16) + -21.
82
-4 + -20 + 14 + -2 - (3 + -1) - 98
-112
Evaluate 1 + 19 + -208 + 187 - 3.
-4
What is the value of (-1 + -9 - (-3 + -34 + (-4 - -23))) + -63?
-55
What is 33 + -1 + (2 - (11 - 3)) + (-30 - -40)?
36
What is -115 - (-232 + 103 - 70)?
84
What is the value of -15 + (-59 + -1 - (-52 + 96 + -47))?
-72
What is the value of 114 - (3 + -2 + -11 + 16 + 8 + -6)?
106
What is -7 + 62 + -97 + 33?
-9
-4 + 2 + 39 - (0 - (-10 - -11))
38
Calculate 21 + -13 + -35 - (-9 + 7 + 8).
-33
-11 - (-96 + (168 - 78))
-5
What is (1 + -1 + -9 - (-6 - -2)) + -181 + 167?
-19
Calculate -166 - ((-769 - -743) + (2 - -8)).
-150
What is the value of -71 - -28 - (8 - (-13 + 11))?
-53
-48 - (-29 + (4 + -27 - -57))
-53
Calculate (2 - 0 - 0) + -14 + 627 + -631.
-16
Evaluate 11 - ((-3 + -1 - 6) + -9 - -6 - -109).
-85
Evaluate 25 + 123 + -134 + 2 + 17 + -14.
19
What is the value of -29 + 31 + -37 - (-1 - (2 + -4))?
-36
104 + -48 - 87 - -34
3
Evaluate -39 - (33 - (-1 + -15 + 12)).
-76
Calculate 17 + ((15 - -4) + -12 - 69).
-45
What is 100 + -38 + -373 + 160?
-151
Calculate 16 + (39 - 21) + -33 + 7.
8
Evaluate 11 - (4 - -26) - -6 - (26 - 1).
-38
What is the value of -3 + 57 + -16 - 11?
27
23 + -96 + (25 - (23 + 6))
-77
What is -20 - (7 + -89) - (-10 - -4)?
68
Evaluate ((0 - 107) + 7 - (22 + -23)) + (6 - 2).
-95
What is (8 - -2) + 1 + (102 - 120) + 6?
-1
Evaluate 13 - 5 - -41 - -36.
85
What is -109 + (50 - (20 - 10 - -6)) + -21?
-96
What is the value of 0 + -101 - (-124 + 155 + (-38 - 0))?
-94
Evaluate -28 + 27 + -53 + 40.
-14
Evaluate (13 - -17) + 7 + 52 + -148.
-59
1 - 19 - (-108 + (-40 - -76))
54
What is 46 + -2 + (101 - 106) - (-3 + -11)?
53
Calculate -31 + (-32 - -38) + 1 + -1.
-25
What is the value of 5 + -29 + 23 + 30 + -15?
14
What is the value of (42 - 59 - -22 - (-7 - -2) - 3) + -122?
-115
What is the value of 2 + -14 - (14 - ((-17 - -15) + 13))?
-15
Calculate (-46 + 18 - 20) + 0 + 20.
-28
What is (0 - 7) + (-47 - -25 - -29) - -38?
38
22 - (45 - (88 + -185))
-120
Calculate (19 + -38 + 81 - 21) + 91.
132
Evaluate 13 + 2 - (110 - (-38 + 108)).
-25
Evaluate -57 + 118 - -30 - (17 - -1) - (0 - 4).
77
What is the value of -27 + 0 - 95 - (-21 - (-24 - -16))?
-109
What is the value of (11 - -6) + -20 + 10 + -9 + 10?
8
What is the value of 5 + 1 + 13 + (-85 - -92) + 2?
28
Evaluate 58 + (7 - 21) + -8 - -27.
63
Calculate -1 + 29 - (4 - (-31 + 16) - 7).
16
-87 + 2 + 2074 + -1998
-9
What is 1 + 4 + -7 + (12 + 7 - 5) + 1?
13
-29 - 2 - (-739 - -707)
1
Evaluate -6 + 37 + 2 + (16 - 0) + -4.
45
What is 3 + 57 - (-67 + 138 + -66)?
55
Evaluate -29 - -112 - (1 - (10 - 20)).
72
Evaluate 17 + 35 + (-37 - -28).
43
Calculate -4 + 4 - -7 - (-43 + 66).
-16
What is 2539 + -2470 + -126 + -1?
-58
Calculate (228 - 238) + ((54 - 3) + -1 - -2).
42
What is the value of (7 - (-22 - -27)) + 2 - 23?
-19
Calculate (5 - (-8 - (8 - 25))) + (-13 - 0).
-17
What is (-1 + 2 - -4) + (-29 - -1) + 12?
-11
What is (-5 + 142 - 250) + 121?
8
What is the value of (-66 - 20 - -65) + (-38 - -1)?
-58
0 + 49 + (-31 - (7 + -27 + 0))
38
Calculate -105 + (8 - (-104 - -51)).
-44
Evaluate -29 + 1 + 111 + (244 - 253).
74
What is 20 - (-5 - (-3 + -4)) - (-7 + 35 + -23)?
13
What is 9 - ((12 + 1 - (-160 - -183)) + 13)?
6
Evaluate 3 + 2 + 71 + -11 + -135.
-70
Evaluate 12 + 31 + (-55 - -29 - -41).
58
Evaluate (60 - 6) + (-9 - (5 + -8 + 3)) - 4.
41
What is -25 + (-16 - -43) + (-2 - 0 - -7 - -24)?
31
Evaluate -92 + -23 + 35 + 9.
-71
What is 2 - (2 - 12 - (2 + -10)) - 56 - 0?
-52
What is -2 + -68 - (-59 + 6)?
-17
Evaluate 114 - (282 + (6 - 119)).
-55
What is the value of -96 + 1 + -2 - (323 - (291 + 17))?
-112
18 + 2 + -15 + 9 + -36 + 17
-5
1 - (51 + -30 + 21 - 28)
-13
What is 7 + (67 - 42) + 2 - -53?
87
-3 + -1 + -5 + (24 - (14 + 3))
-2
What is the value of (-24 - 34 - -11) + 100?
53
13 - (14 - (2 + (12 - 16))) - (-15 + -1)
13
Evaluate 9 + (23 + -14 + (-3 - 18) - -17).
14
What is the value of -5 - 20 - -53 - (15 - 19 - (-12 + -1))?
19
Evaluate (-3 - (23 + 12 + -27)) + -25.
-36
Calculate (1 - 19 - 16) + 73.
39
What is (91 - (25 + 72) - (-3 + 5)) + 0 + -47?
-55
What is (-7 - -25) + (44 - (38 + 7))?
17
-35 + -12 + (-10 - (-23 - -8)) + 2
-40
(-7 - 1) + 46 + (-102 - -116)
52
Calculate 59 + -1 - (-17 - (-33 + -2) - 17).
57
Evaluate -22 + (135 - 97) + (-20 - -1) + 119 + 0.
116
-50 - (75 + -100) - (1 + 11)
-37
What is -35 - ((16 - 11 - -10) + -2)?
-48
What is the value of -73 + (116 + -140 - (-17 - 3 - -6))?
-83
Evaluate -1 - (